 - 3 = -7. Let z(r) be the third derivative of 65*r**2 + 1/12*r**5 + 1/120*r**6 + 1/3*r**3 + 1/4*r**4 + 0 + 0*r. Determine z(v).
-6
Let k(x) = 2*x**3 + 24*x - 22 - 3*x**3 - 4*x**2 - 17*x - 24 + 50. Calculate k(-5).
-6
Let s be -9 + -1 + 5 + -4. Let h(f) = -f**2 - 11*f + 9. Let c be h(s). Let o(l) = 10 + 10 - c + 12 - 4*l. What is o(6)?
-19
Let x(w) = 13*w**2 + w. Suppose -25*t - 73 = -48. Determine x(t).
12
Let v(i) = -90*i + 198. Let d(k) = -17*k + 41. Let y(b) = -21*d(b) + 4*v(b). What is y(16)?
-117
Let b(x) = -x**3 - 4*x**2 - 4*x - 2. Suppose 8*o - 216 = 11*o. Let y = o - -68. Calculate b(y).
14
Let i = -100 - -103. Let v(y) = -y**2 + 4. Let u = 22 - 27. Let h(d) = 2*d**2 - 9. Let q(m) = u*v(m) - 2*h(m). Calculate q(i).
7
Let u = 13348 + -13359. Let b(w) = -w**3 - 12*w**2 - 6*w + 7. Give b(u).
-48
Let w(v) = 3 + v**2 + 6*v - v + v. Let o = 142 - 156. Let s be (-21)/o - ((-17)/(-2) + -1). Give w(s).
3
Let m(f) be the first derivative of -f**6/120 + f**5/10 - f**4/4 + 2*f**3/3 - 56*f**2 - 51. Let x(n) be the second derivative of m(n). Calculate x(5).
-1
Let o(w) = w**2 + 18*w - 13. Let m(d) = 197*d + 3934. Let y be m(-20). Determine o(y).
-85
Let v(d) = 6*d - 216. Let r = 17069 + -17033. What is v(r)?
0
Let m(d) be the second derivative of -d**4/12 - 7*d**3/6 - 2*d**2 + 33*d. Suppose 4*u = -3*t - 9, 2*u - 9 = u - 3*t. What is m(u)?
2
Let a be (30/25)/((-132)/440). Let s(c) = -c**2 + 3*c - 9. Give s(a).
-37
Let h(r) = -2*r + 27. Suppose -195 = 11*c - 442 + 126. What is h(c)?
5
Let f(r) = -7*r - 26. Let w be f(-4). Let c(j) = 5*j - 536 + 537 + w*j - 2*j**2. Give c(5).
-14
Suppose -52*c + 55*c = -99. Let g = 37 + c. Suppose -3*r = -3*i + 3, 0 = -4*r + 3*r + g. Let s(y) = y**3 - 5*y**2 - 6. Give s(i).
-6
Let z(x) = -x**2 + 27*x - 52. Let w be ((-11546)/575 - -20) + (-1506)/(-75). Give z(w).
88
Let n = -37 + 39. Suppose 3 = o + n*o. Let h(p) = 11*p**3 + p**2 - o - 16*p**3 - 11*p**3. Give h(-1).
16
Let c(g) be the third derivative of 1/6*g**3 + 0 - 1/12*g**4 - 38*g**2 - 9/40*g**6 + 1/60*g**5 + 0*g. Determine c(1).
-27
Let o(y) be the second derivative of y**4/12 - 19*y**3/6 - 13*y**2 - 233*y + 4. Calculate o(20).
-6
Let w(u) = -27*u + 14*u - 6*u**2 + 18 - 9 - 6. Give w(-4).
-41
Let a(c) = c**2 + 3*c. Suppose 0 = 7*u + 274 + 1483. Let s = u + 249. Determine a(s).
-2
Let y(n) = -2*n - 7. Suppose -p + 287 = -2*o, -4*o + 9*o = 2*p - 715. Let w = 148 + o. Calculate y(w).
-21
Let t(m) = 199*m**3 - 34*m**2 + 8*m**2 + 1 + 10*m**2 + 3*m - 200*m**3 + 9*m**2. What is t(-7)?
-20
Let z(k) = 2*k + 0*k - 5*k - 3 - 33*k**3 - 78*k**3. Let u be z(-1). Let g(p) = -u + p + 111. Determine g(-3).
-3
Let m(n) = n**3 - n**2 - n + 11. Suppose 26 = 4*s - 34. Suppose 10*q + s = -5. Let d be (-1)/q*(1 - 1). What is m(d)?
11
Let x(p) be the second derivative of -p**5/20 + p**4/4 + p**3 - 4*p**2 + 11255*p. Calculate x(5).
-28
Let f(g) = -4*g**2 - 36*g + 2. Let y be f(-9). Let c(n) = 33*n - y - 18*n - 14*n. Determine c(-10).
-12
Let u(p) = -p**2 - 9*p + 2. Suppose -7*c + 0*c + 4*c = 0. Suppose c = -5*g - 495 + 465. Give u(g).
20
Let m(i) = -5*i**3 + 33*i**2 - 40*i - 27. Let t(f) = -f**3 + 8*f**2 - 10*f - 7. Let p(b) = -2*m(b) + 9*t(b). Give p(-7).
12
Let i(y) be the third derivative of 31*y**4/24 + 245*y**3/6 - 239*y**2. Let h be i(-8). Let o(q) = 3*q + 7. What is o(h)?
-2
Suppose 102 = 12*g - 126. Suppose 0 = -3*z + r - 8, -g*r = -4*z - 15*r. Let w(x) = x**2 + x - 2. What is w(z)?
10
Let y(z) be the first derivative of -z**2 - 2*z + 6. Let f be y(-3). Suppose 4*u - 2*v = -12, 2*v + 0*v - f = 0. Let d(j) = 5*j + 1. Calculate d(u).
-9
Let p(d) be the first derivative of -5*d**2/2 + 72*d - 5224. Give p(0).
72
Suppose 2*x + 3*k = x + 3, k + 9 = 3*x. Let z be 6/(-9)*-1*3. Let v(p) = x*p**z + 5*p**3 - p**3 - 4*p**2 - p. What is v(-1)?
-4
Let p be (-4)/(-7)*((-924)/(-99))/(4/6). Let c(k) = 2*k**2 - 118. Determine c(p).
10
Let m(p) be the second derivative of 21*p - 2 - 2*p**2 - 1/6*p**3. Calculate m(-9).
5
Let t(v) be the second derivative of v**5/10 - 3*v**4/4 + v**3 - 5*v**2 + 244*v. Give t(4).
-2
Let o(v) = 0*v**2 + 4 - v**2 - 8*v + 8. Let g be o(-9). Let d(i) = -4*i + 4 + 14157*i**2 + i**3 - 14157*i**2. Give d(g).
19
Let l(q) = -5*q**2 + 6*q + 9. Let o(b) = 4*b**2 - 5*b - 8. Let r(d) = -2*l(d) - 3*o(d). Let h = -828 - -832. Calculate r(h).
-14
Let f(n) be the first derivative of 15*n**2 - 170*n - 12445. What is f(6)?
10
Let c(w) be the second derivative of -w**4/6 - 7*w**3/3 + 3*w**2 + 443*w. Give c(-8).
-10
Let x(p) = 5*p**3 + 8*p**2 + 13*p + 11. Let v be ((-896)/91 - -5) + 2/(-13). Let c(k) = 4*k**3 + 8*k**2 + 12*k + 11. Let o(w) = v*x(w) + 6*c(w). Determine o(9).
-7
Suppose -4*t + d + d - 10 = 0, -2*t - 8 = -2*d. Let k(f) = -f - 1. Let j(a) = -2 - 11 + 10 - 6*a. Let s(i) = t*j(i) + 5*k(i). What is s(3)?
1
Let z(d) = -41*d - 193. Let b be z(-5). Let h(p) = 2*p**2 + 15*p + 3. Let a(r) = 3*r**2 + 29*r + 5. Let k(g) = 3*a(g) - 5*h(g). What is k(b)?
0
Suppose -17*s + 18*s = 22. Suppose 5*u + s = 6*u. Let l(a) = -45 + u - 6*a + 17 - a**2. Calculate l(-5).
-1
Let j(c) = c**3 - 3*c**2 - 3*c. Let k = -170 + 174. Suppose k*h + 5 - 21 = m, 5*h + 2*m = 7. What is j(h)?
-9
Let q = -148 + 149. Let s(l) be the second derivative of -11*l**4/6 + l**3/6 + 63*l - 3. Determine s(q).
-21
Let m = -3583 + 3585. Let o(c) be the second derivative of 0 - 1/6*c**3 - 1/20*c**5 - 2*c**m - 20*c + 1/2*c**4. Calculate o(6).
-10
Let g(h) = 11*h + 91*h**3 + 8*h - 175*h**3 + h - 17*h**2 + 83*h**3. Calculate g(-18).
-36
Let p(i) = -i**3 + 24*i**2 - 24*i + 27. Let f be p(23). Let y = -18 - -29. Let l(n) = 6*n + y*n - 5 - 16*n. Calculate l(f).
-1
Let z(t) = t**3 - 25*t**2 - 6*t + 50. Let d be z(25). Let u = d - -108. Let h be (-11 + u)/(-1 - -2). Let q(c) = -c**2 - 2*c + 2. Determine q(h).
-1
Let l(h) be the first derivative of -19*h - 1 - 3/2*h**2. Determine l(-7).
2
Let r(x) = 314 + 205 + x - 65*x**2 - 517. Give r(-1).
-64
Let d be (((-24)/9)/4)/(6/(-9)). Suppose 0 = -g - 1 - d. Let x be 0 + g/(-3) + (-57)/(-9). Let j(p) = p**3 - 8*p**2 + 7*p - 8. What is j(x)?
-8
Suppose 4*k = -24*k - 10*k + 38. Let y(l) = -4*l**3 - 20*l**2 + 21*l. Calculate y(k).
-3
Let q(n) = -229*n + 199*n - 50 - 9 - 77. Give q(-5).
14
Let a(x) be the first derivative of 3*x**2/2 + 42*x - 2304. Give a(-11).
9
Suppose -q + 6*q - 10 = 0, 0 = 2*p + q - 2. Suppose -2*f = -4*x + 8, p*f - 3*x + 6 = -3*f. Let w(d) = f + 16*d + 1 - 10*d - 4*d**2 + 3*d**2. What is w(5)?
6
Let b = -7299 + 7312. Let n(i) = -7*i + 68. What is n(b)?
-23
Let p(o) = -o + 10. Let s be p(7). Suppose z + 10 = s*z. Let g(i) = 6*i**2 - 2*i + 11. Let n(q) = -q**2 - 3. Let j(c) = -g(c) - 5*n(c). What is j(z)?
-11
Let z(x) be the first derivative of 2*x**3/3 + 10*x**2 + 12*x - 26. Let f = -429 - -420. Give z(f).
-6
Let o(j) = -6*j - 1. Let s(w) = 122*w - 127. Let z be s(1). Determine o(z).
29
Let o be ((-8)/(-18))/(16/24)*18. Suppose 2*h + o = 6*h. Let g be 3 + (7 - h - 3)*3. Let d(l) = l**3 - 6*l**2 - 3*l + 4. Determine d(g).
-14
Let f(v) = 2*v**2 + 8*v + 7. Let a(n) = 2*n - 2. Let h(u) = -25*u - 55. Let l(k) = -10*a(k) - h(k). Let r be l(-16). Determine f(r).
17
Suppose 3631*a - 3637*a = -12. Let g(k) be the second derivative of -7/6*k**4 + 1/2*k**a + 0*k**3 + 0 - 12*k. Give g(1).
-13
Let g(y) be the first derivative of y**2 - 22*y - 35. What is g(7)?
-8
Let a(j) = -2*j**3 + j**2 - 1. Let m be (9 - (-15)/(-3)) + (0 - 0). Let o be -3*(-7 + m - 24/(-9)). Give a(o).
-2
Let k(b) = b**3 + 36*b**2 - 33*b + 140. Let d be k(-37). Let y(i) be the third derivative of i**6/120 + 3*i**5/20 + i**4/3 + i**3/3 - 30*i**2. Calculate y(d).
2
Let o(j) be the first derivative of -j**3/3 - 5*j**2 - 27*j + 4685. What is o(-11)?
-38
Let r be 207/2*(-22)/(-33). Suppose r*o = 59*o. Let k(d) = -d**2 + 15. What is k(o)?
15
Let c = -5 - -4. Let f(l) = 9*l - 1. Let k(h) = 13*h + 2. Let q(y) = 27*y + 5. Let u(g) = 7*k(g) - 3*q(g). Let z(j) = 5*f(j) - 4*u(j). Determine z(c).
-6
Let n(j) = -j**3 + 18*j**2 - 18*j + 13. Suppose -3*h + 312 = -327. Let i = -196 + h. What is n(i)?
-4
Let k(u) = -2*u**3 - 65*u**2 - 33*u - 35. Suppose 0 = -4*o - j + 59 - 184, 4*o + 140 = 4*j. What is k(o)?
-3
Let z(r) = 2*r**3 - r. Let l(u) = -u**3 + 14*u**2 + u - 10. Let g be l(14). Suppose 2*s - 2*n = 8, 2*s + 2 = g*n + 14. De